Convert 21020212 (base 3) to base 15.
1878
Convert -3714 (base 11) to base 13.
-2296
-14249 (base 10) to base 6
-145545
-17a1 (base 12) to base 14
-1081
21203 (base 5) to base 9
1856
Convert -18a0a (base 13) to base 11.
-32a39
Convert 3586 (base 12) to base 16.
1776
Convert 109 (base 13) to base 9.
217
-140 (base 16) to base 14
-18c
Convert 7641 (base 10) to base 14.
2adb
Convert 110001010 (base 2) to base 7.
1102
Convert 2251 (base 9) to base 14.
870
What is -3012 (base 4) in base 7?
-402
Convert -11012 (base 6) to base 8.
-2760
Convert 2042 (base 6) to base 13.
293
-233 (base 12) to base 3
-110010
Convert 88076 (base 9) to base 13.
20766
What is 17986 (base 13) in base 9?
68454
57450 (base 8) to base 15
7340
4131 (base 5) to base 11
452
Convert 130615 (base 7) to base 9.
36317
-49b6 (base 16) to base 4
-10212312
-a38 (base 12) to base 4
-113030
What is -3d1c (base 16) in base 8?
-36434
-10323 (base 4) to base 16
-13b
Convert 301 (base 10) to base 9.
364
15072 (base 8) to base 12
3a76
Convert -12002020 (base 3) to base 7.
-13542
2040431 (base 5) to base 8
102112
155 (base 6) to base 3
2122
-5ab4 (base 14) to base 11
-10999
What is 182 (base 13) in base 5?
2100
What is 43081 (base 10) in base 8?
124111
Convert -132320 (base 4) to base 9.
-2635
Convert -1abc (base 15) to base 9.
-7856
5c (base 16) to base 11
84
What is 1133 (base 9) in base 7?
2310
Convert -336 (base 12) to base 11.
-3a1
-11352 (base 6) to base 10
-1652
What is -2011102 (base 3) in base 16?
-629
-2de (base 16) to base 4
-23132
Convert 3230010 (base 4) to base 5.
440413
-331 (base 7) to base 16
-a9
What is -100041 (base 5) in base 4?
-301022
Convert -37b0 (base 13) to base 10.
-7917
Convert -3111 (base 6) to base 8.
-1263
915 (base 12) to base 4
110201
-140430 (base 5) to base 7
-22510
What is 220102 (base 3) in base 14?
351
Convert 7352 (base 16) to base 2.
111001101010010
Convert -412 (base 8) to base 13.
-176
-17716 (base 12) to base 3
-1201110000
Convert 12020101 (base 3) to base 12.
2261
What is -275 (base 16) in base 14?
-32d
Convert 1bd (base 14) to base 2.
101101011
Convert -158 (base 15) to base 9.
-372
What is -2623 (base 7) in base 2?
-1111100101
What is -801 (base 16) in base 6?
-13253
What is 10222 (base 9) in base 8?
15127
What is -1112333 (base 4) in base 14?
-2059
22200 (base 4) to base 9
826
Convert -60bc (base 15) to base 11.
-14390
What is a81 (base 13) in base 5?
24140
Convert -5448 (base 9) to base 14.
-1669
Convert 1423 (base 5) to base 2.
11101110
229 (base 16) to base 8
1051
What is -4443 (base 5) in base 11?
-517
-4526 (base 7) to base 11
-1259
3563 (base 7) to base 14
6a3
Convert -26762 (base 8) to base 16.
-2df2
Convert -110011101 (base 2) to base 5.
-3123
Convert 1001001011010100 (base 2) to base 7.
214405
6a16 (base 14) to base 13
851a
Convert -2110 (base 6) to base 10.
-474
c471 (base 14) to base 13
1250b
271 (base 13) to base 4
12232
Convert 14554 (base 9) to base 15.
2e21
Convert -103624 (base 7) to base 12.
-a604
-6770 (base 8) to base 6
-24320
-23975 (base 11) to base 13
-128a9
Convert -172 (base 9) to base 7.
-266
3030 (base 7) to base 8
2032
What is -6056 (base 11) in base 2?
-1111101101111
1154100 (base 6) to base 3
10010210100
3996 (base 13) to base 12
4923
Convert 110011110101 (base 2) to base 9.
4485
What is -4877 (base 11) in base 10?
-6376
Convert 1774 (base 13) to base 14.
13a3
2708 (base 9) to base 5
31113
Convert 11010111100 (base 2) to base 13.
a28
Convert -1122100 (base 3) to base 4.
-102231
221 (base 3) to base 2
11001
What is 1424 (base 6) in base 8?
570
-1110101001 (base 2) to base 5
-12222
Convert 3b4b3 (base 12) to base 13.
2b3a1
1a86 (base 14) to base 12
295a
Convert 10001110011110111 (base 2) to base 12.
36273
1010100110010 (base 2) to base 11
4093
-81880 (base 10) to base 13
-2b366
436 (base 11) to base 6
2231
What is -94 (base 14) in base 7?
-244
What is 316 (base 14) in base 8?
1140
-20332312 (base 4) to base 12
-1935a
Convert 409 (base 12) to base 7.
1464
What is 1443 (base 11) in base 14?
970
849 (base 12) to base 5
14314
What is 332534 (base 6) in base 5?
1342400
What is -3035 (base 6) in base 14?
-35d
What is 10a91 (base 13) in base 9?
45583
221420 (base 7) to base 4
21200321
-2e8 (base 16) to base 15
-349
What is 1ec (base 16) in base 4?
13230
-2030 (base 4) to base 14
-a0
What is -3a89 (base 16) in base 11?
-10293
What is -171637 (base 8) in base 15?
-1372c
-1350 (base 6) to base 14
-1b4
-123600 (base 8) to base 5
-2333010
What is -4328 (base 13) in base 7?
-36125
-23644 (base 7) to base 11
-4698
-9a0 (base 11) to base 8
-2257
-11225 (base 7) to base 10
-2861
111010100 (base 2) to base 12
330
What is 2398 (base 12) in base 14?
1660
Convert -18d (base 15) to base 14.
-1b8
-10313 (base 4) to base 5
-2221
Convert 121c (base 15) to base 3.
12021200
Convert 343614 (base 7) to base 14.
1850b
What is -100010010010000 (base 2) in base 6?
-213132
Convert 204420 (base 7) to base 15.
a666
Convert 4676 (base 12) to base 6.
100230
41621 (base 10) to base 5
2312441
Convert -1000010010 (base 2) to base 9.
-648
Convert -204 (base 15) to base 7.
-1216
Convert -20313 (base 6) to base 12.
-1699
Convert 2a7 (base 14) to base 15.
25e
What is -1515 (base 8) in base 7?
-2315
What is 3223 (base 6) in base 2?
1011011111
Convert 83402 (base 9) to base 12.
279b5
What is -1410030 (base 5) in base 13?
-10129
Convert -222 (base 5) to base 15.
-42
What is -31a (base 11) in base 14?
-1d6
Convert -10100011001000 (base 2) to base 11.
-7931
-124141 (base 5) to base 3
-20202021
1994 (base 10) to base 16
7ca
What is 1011100011 (base 2) in base 7?
2104
-1068 (base 11) to base 16
-57d
-49205 (base 10) to base 13
-19520
Convert 11110102 (base 3) to base 13.
1631
What is -192b9 (base 13) in base 3?
-2110222022
What is -a443 (base 15) in base 6?
-424413
2464 (base 7) to base 12
654
Convert -100111011001010 (base 2) to base 12.
-b80a
What is -6184 (base 9) in base 6?
-32551
What is 275 (base 15) in base 12?
3a8
Convert 121332 (base 8) to base 11.
29360
3604 (base 9) to base 11
2014
What is 10010001110011 (base 2) in base 8?
22163
Convert 241 (base 7) to base 4.
1333
What is 10210012 (base 3) in base 14?
1011
eeb (base 15) to base 13
16c4
Convert 20694 (base 13) to base 9.
87820
3401033 (base 5) to base 10
59518
1154 (base 6) to base 13
190
Convert b123 (base 13) to base 11.
17340
Convert 79 (base 15) to base 13.
8a
Convert -110112 (base 3) to base 8.
-522
16110 (base 10) to base 2
11111011101110
-47600 (base 12) to base 3
-11212120000
What is -10101212 (base 3) in base 2?
-100110110000
-60a (base 13) to base 6
-4424
Convert -568 (base 9) to base 13.
-29c
What is 1d6d (base 14) in base 7?
21466
-888 (base 11) to base 5
-13224
What is 3302 (base 4) in base 6?
1042
16077 (base 8) to base 3
100220211
Convert -a05 (base 13) to base 3.
-2022210
What is 1513 (base 7) in base 5?
4343
-100111010 (base 2) to base 8
-472
Convert 1111100010001 (base 2) to base 16.
1f11
Convert -4566 (base 7) to base 2.
-11010000001
Convert -1200202 (base 3) to base 11.
-a23
What is 3b (base 16) in base 7?
113
80d6 (base 14) to base 10
22140
Convert 2765 (base 8) to base 6.
11021
What is 377 (base 11) in base 7?
1206
Convert -57831 (base 10) to base 4.
-32013213
Convert -30124 (base 5) to base 14.
-9aa
What is 432 (base 10) in base 4?
12300
Convert 1b4d (base 14) to base 2.
1001101101001
2112 (base 7) to base 14
3b2
Convert 153353 (base 7) to base 8.
72512
What is -5322 (base 6) in base 15?
-552
-32110 (base 4) to base 6
-4124
11402 (base 5) to base 13
507
What is 816 (base 9) in base 7?
1635
6d85 (base 15) to base 7
124634
Convert 291 (base 14) to base 8.
1007
589 (base 15) to base 10
1254
What is -1000100000 (base 2) in base 6?
-2304
Convert b7 (base 13) to base 16.
96
What is 2b2c (base 15) in base 10?
9267
What is -bb9 (base 15) in base 10?
-2649
-1431 (base 10) to base 5
-21211
Convert 3013 (base 4) to base 3.
21101
What is -1441 (base 7) in base 13?
-349
-2355 (base 6) to base 16
-23f
What is 1a53 (base 11) in base 4?
220213
Convert ac7 (base 13) to base 12.
10a5
-1032113 (base 4) to base 6
-35115
What is 21334 (base 5) in base 4?
112331
-524 (base 12) to base 8
-1354
What is a49 (base 13) in base 6?
12035
-312020 (base 4) to base 5
-102324
What is -673b (base 16) in base 8?
-6